2, 3*h - 12 = -3*w. Let x = 22 - h. What is the units digit of x?
6
Let k = 23 + -14. Let c be (-24)/7 + 4/(-7). Let t = k + c. What is the units digit of t?
5
Suppose 3*o = d, 2*d + 5*o - 17 = -2*d. What is the units digit of (30/8)/(d/8)?
0
Let t(x) = -x**2 - 1. Let i(l) = 3*l**3 + 2*l + 1. Let k(q) = i(q) + 3*t(q). What is the tens digit of k(2)?
1
Let a(t) = t - 3. What is the units digit of a(10)?
7
What is the units digit of 2/(-3)*(-6 - 3)?
6
Suppose -4*l = 4, 0 = -0*g + 3*g + 5*l + 5. Let s = 1 - g. What is the units digit of s?
1
Suppose 3*r = 5*t - 2*r - 435, 5*t - 431 = 4*r. What is the tens digit of t?
8
Suppose 11*y - 525 = 6*y. What is the tens digit of y?
0
Let j(s) = -s**2 + 7*s - 4. Let o = -1 + 7. Let u be j(o). Suppose -u*b + 0*b = -10. What is the units digit of b?
5
Suppose -3*i = -2*a + 1, 0*i - 2*i = -4*a + 6. Let l be 15/9*(i - -2). Suppose -2*g - 3*g - 40 = -5*f, -l*g - 5 = 0. What is the units digit of f?
7
Let o = 180 + -83. What is the units digit of o?
7
Let u(v) = v**3 + 4*v**2 - 6*v - 8. What is the tens digit of u(-4)?
1
Suppose 9 - 29 = -5*s, 8 = k + s. Suppose 0 = k*n - 8 - 4. Let q = n - -7. What is the units digit of q?
0
Let o be 4/(-12)*(-1 - 194). Suppose 35 + o = 5*v. Let h = v - 9. What is the units digit of h?
1
Suppose 5*d - 612 = 188. What is the tens digit of d?
6
Suppose 0*o = -o + 4*i + 7, 5 = -5*i. Suppose -10 = -o*q + 74. What is the units digit of q?
8
Let w(o) = o**3 + 10*o**2 - 2*o - 2. What is the tens digit of w(5)?
6
Suppose 0 = 2*d + 19 - 7. What is the tens digit of ((-5)/(-2))/(d/(-36))?
1
Let f(y) = -3*y**3 - 2*y**2 - 2*y - 2. Let d be f(-3). Let s = -45 + d. What is the tens digit of s?
2
Let b(o) = 4*o - 10. Let q(g) = -11*g + 31. Let d(j) = 8*b(j) + 3*q(j). Let m = -20 - -28. What is the units digit of d(m)?
5
Let j(b) = 2*b**3 - 6*b**2 + b - 2. Let g be j(4). Suppose 0 = -5*s + g + 1. Suppose -3*c = -s - 2. What is the units digit of c?
3
Let m(v) = v**2 - 10*v + 2. Let h be m(10). Let x(j) = j**3 + 11*j**2 + 6. Let z be x(-11). Suppose -z*i + h*i + 12 = 0. What is the units digit of i?
3
Let s(w) = 2*w**2 + 2*w. Let o be (6/(-3))/((-2)/(-4)). Let n = o - -6. What is the units digit of s(n)?
2
Let y be ((-2)/5)/((-3)/30). Let r(v) = v**2 - 5*v + 3. Let h be r(y). What is the units digit of 76/8 - h/2?
0
Let y(g) = -g**2 + 0*g**2 - 7*g - 4 + 0*g. What is the units digit of y(-6)?
2
Let k(j) = -5*j - 3. Let y be k(-2). Let l = y + -4. Suppose -l*u + 16 = -u. What is the units digit of u?
8
Let l = 2 - 8. Let g = 8 + l. Suppose 9 = g*a - 1. What is the units digit of a?
5
What is the tens digit of (58/6)/(1/3)?
2
Let m(w) = w**3 - 3*w**2 + 3*w. Suppose -5*a - 2*i = -14, 5*i + 1 = -a + 13. What is the units digit of m(a)?
2
Suppose -6 = -4*m + 2. Suppose -5*i + 3 + m = 0. Suppose -i = -2*t + 5. What is the units digit of t?
3
What is the hundreds digit of 312 + -2 + (9 - 4)?
3
Suppose 0 = 2*t + 3 - 9. What is the units digit of t?
3
Suppose 5*i - 2 = 13. Suppose i*g + 13 = 4*g. Suppose g - 45 = -4*d. What is the units digit of d?
8
Let r(c) = 12*c + 347. What is the units digit of r(0)?
7
Let o(w) = w**3 + 6*w**2 - 4*w + 5. What is the tens digit of o(-5)?
5
Suppose -5 + 0 = -t. Suppose 0 = -t*b + 2*b + 66. Let j = 31 - b. What is the units digit of j?
9
Suppose -2*l = -4*s + 22, 0*l - 2*s = 5*l + 91. Let t(q) = -q**2 - 9*q + 8. Let i be t(-6). Let d = l + i. What is the units digit of d?
9
Suppose 3*a = -2*z + 9 - 2, a = 4*z - 35. What is the units digit of z?
8
Let b = 41 + -9. What is the units digit of b?
2
Suppose -2*v + 244 = 2*q, 0 = v + 4*q - 110. What is the tens digit of v?
2
Let u(k) = k**3 - 8*k**2 + k - 2. What is the units digit of u(8)?
6
Suppose 3*z - 4*z = -24. What is the units digit of z?
4
Let q = 6 + 5. Let x(s) = -s**2 + 13*s - 5. What is the units digit of x(q)?
7
Suppose 5*d = -3*o - 0*o + 6, -5*d = -15. Let h(g) = -3*g + 7*g + 5 - 3 + 2*g**2. What is the units digit of h(o)?
8
Suppose a + 0*a - 10 = 0. Suppose 4*u - 19 = -0*u - 5*z, -4*u - 2*z = -a. What is the tens digit of 2*(7 - u) + -2?
1
Let j = 27 + -22. What is the units digit of j?
5
Let l be (-3 - 0) + (-642)/(-6). Suppose -l - 72 = -4*u. What is the units digit of u?
4
Let o(f) = -2*f + 2. Let p be o(3). Let k be (-3)/(-2)*(6 - 2). Let t = p + k. What is the units digit of t?
2
Suppose 3*a + 83 = -1. Let d = a + 50. Suppose 4*v = -2*t + d, -4*t = 4*v - 3 - 25. What is the units digit of t?
3
Let n = -5 + 9. Let h = 24 - 20. Suppose f - 5*c + n = 38, -f = h*c - 7. What is the tens digit of f?
1
Let c be (-2*2)/(5/10). Let j = 9 + c. What is the tens digit of -22*(j - (-3)/(-2))?
1
Let b be 2/1 + 1 + -1. Let s be (b + (-21)/9)*3. What is the units digit of (10/8)/(s/(-8))?
0
Suppose -469 = -3*a - 2*a - 4*v, 5*v + 505 = 5*a. Suppose a - 273 = -4*r. What is the tens digit of r?
4
Suppose 18*d - 1884 = 6*d. What is the hundreds digit of d?
1
Let j(i) = -26*i**3 - i**2 + 1. Let y be j(-1). Suppose -5*v = -4*f - y, 5*f = 3 + 2. What is the units digit of v?
6
Suppose 0 = 5*b - 12 - 198. What is the units digit of b?
2
Let i(q) = -q**2 - 13*q + 5. Let d be i(-10). Let r = d + -25. What is the tens digit of r?
1
Let f = -21 - -19. What is the tens digit of (-6)/(0 + f) + 28?
3
Let p = -8 + 2. Let s be (p/(-7))/((-2)/14). Let h = -3 - s. What is the units digit of h?
3
Let u(q) = q**3 - 3*q**2 - 4*q + 6. Let h be u(5). Suppose 5*b = b + h. What is the units digit of b?
9
Let u(p) = -2*p - 54. Let z be u(-16). Let s(f) = -11*f. Let o be s(1). Let d = o - z. What is the tens digit of d?
1
Let a(g) = 2*g**2. Let r be a(-1). What is the units digit of (r*(-6)/4)/(-3)?
1
What is the units digit of 420/9 - 4/(-12)?
7
Let r be 4/2 - (1 + 2). What is the units digit of 1*4 - 3/r?
7
Suppose 3*h - 5*h + 126 = 0. Suppose -2*o + 7*o = 30. What is the units digit of h/o*4/6?
7
Let t be (-20)/((-2)/44*4). Suppose 2*i + 3*i - 3*a = 119, 4*i = -5*a + t. What is the tens digit of i?
2
What is the units digit of (-2)/8 - (-289)/4?
2
Let l = 2 + 4. Let k(o) = 2*o + 4. What is the units digit of k(l)?
6
Suppose 496 = -5*j + 9*j. What is the hundreds digit of j?
1
Let k = 23 + -17. Suppose 48 = k*m - 12. What is the tens digit of m?
1
Suppose 2*g + g - 36 = 0. Suppose v - 41 = -g. What is the tens digit of v?
2
Let u be 0 + -2 + 5 + 3. Let j be 2 + (-4)/2 - 0. Suppose j = -c - 0*c + u. What is the units digit of c?
6
Let q = -83 + 120. Suppose -5*r + q = 5*c - 3, 4*r = 4*c + 32. What is the units digit of r?
8
Let k(r) = 2*r - 6. Let a be k(6). Suppose 7*c - 4*c - a = 0. What is the units digit of c?
2
Let y be 0*(-1 + -2)/6. Let d = y - -2. What is the units digit of d?
2
Suppose q = 3*q - 4. Let h be 4/(q/(-4)*2). What is the units digit of 1/h*-2*2?
1
Let u(m) = m**2 + 4*m + 6. Suppose 2*n + 13 = -d, -4*n + 7*d = 3*d - 4. Let r be u(n). Let y = -3 + r. What is the units digit of y?
3
Let a = 4 + -2. Suppose a*k + 3*k = 0. Suppose -10 = -2*v - k*v. What is the units digit of v?
5
Let n = 2 + 2. Suppose -v = -n*v + 12. What is the units digit of v?
4
Let h = 3 - -2. Suppose 0 = h*q + 12 - 42. What is the units digit of q?
6
Suppose -44 = -2*a - f, 46 = 2*a + f + f. Suppose -a = -4*l - 1. Suppose 0*w - l*p = w + 15, -2*w - 2*p = -2. What is the units digit of w?
5
Suppose -12 = -2*x - 8. What is the units digit of x?
2
Suppose 3*t - 247 = 419. What is the units digit of t?
2
Suppose -r - 2*w - 8 = -1, -r - 22 = 5*w. Suppose -r*h + 24 = -0*h. What is the units digit of h?
8
Suppose -4 = -4*c + 4. Suppose c*d + 4*w + 16 = 5*d, 2*w = 3*d - 14. What is the units digit of d?
4
Suppose -c + 20 = 4*c. What is the units digit of c?
4
What is the tens digit of 23/(-46) + (-1178)/(-4)?
9
Let u(c) = -c**3 - 6*c**2 + 8*c + 5. Let x be u(-7). Let l = 19 - 15. Let b = x + l. What is the units digit of b?
2
Let v(i) = i + 6. Let l(f) = -3 + 6 + f + 8. Let j(c) = 3*l(c) - 5*v(c). What is the units digit of j(-3)?
9
Suppose 2*c = c + 100. Suppose 5*t + j - c = -j, 80 = 4*t - 2*j. What is the tens digit of t?
2
Let s = -6 + 7. What is the tens digit of 212/6 - s/3?
3
Suppose 0*i = 5*i - 185. Suppose -3*w - x = 11 - i, 8 = 2*w + 3*x. What is the units digit of w?
0
Suppose -3*m = 4*h - 68, -3*h = -2*m + 7*m - 128. What is the tens digit of m?
2
